120 - k**5/10 + k**4/8 - k**3/6 + 3*k**2. What is the remainder when 50 is divided by l(6)?
16
Let b be -1*1*(-28 + -1). Let l = 7 + b. Suppose 0 = 4*r + i - 114 + 38, -3*r + 2*i = -57. What is the remainder when l is divided by r?
17
Suppose -2*o + 3*o - 12 = 0. Let u = -10 + o. Calculate the remainder when (2 - -1)*(-1 - -2) is divided by u.
1
Let n be (6/2)/(-5 + 6). What is the remainder when 92/n*15/10 is divided by 12?
10
Let p(u) = u + u + 7 - 4*u + u. Let d be p(7). Suppose 2*j = 6*j - 2*c - 112, d = 4*j + 5*c - 98. Calculate the remainder when j is divided by 10.
7
Let k(q) = 5*q**2 - 3*q + 2. Suppose l + 21 = 2*x - 0*l, 2*x + 2*l = 6. Let o be ((-4)/6)/(x/(-36)). Calculate the remainder when k(o) is divided by 13.
12
Suppose -3 = -n + 2. Let y = 51 + -153. What is the remainder when 1/4 + y/(-8) is divided by n?
3
Let n(d) = 2*d + 17. What is the remainder when n(6) is divided by 10?
9
Suppose 4*s - 7*s = -114. Calculate the remainder when s is divided by 10.
8
What is the remainder when 1/(6/276)*1/2 is divided by 14?
9
Suppose 0 = -5*v + v + 60. Suppose 0 = q - 14 - v. Suppose 0*h + z - 43 = -5*h, -5*z + 39 = 3*h. What is the remainder when q is divided by h?
5
Let z = 36 + 10. Suppose z = -3*h + 115. What is the remainder when h is divided by 13?
10
Let i = 11 - 4. Suppose x - 42 = -i. What is the remainder when x is divided by 12?
11
Suppose 0*i + 5*i - 20 = 0. Let r(c) = -c**2 + 6*c + 1. Let y be r(5). What is the remainder when i/6 - (-140)/y is divided by 13?
11
Suppose s = -2*s + 5*f + 79, 157 = 5*s - 2*f. What is the remainder when s is divided by 7?
5
Let y be (-2 + 2)*1/(-2). Let q(z) = 0*z**3 + 7*z**2 - z - z**3 + 0*z**3 + y*z + 5. What is the remainder when q(4) is divided by 17?
15
Let p = 6 + -1. Suppose -s = 3*n - 13, -4*n + 9*n = -p. What is the remainder when s is divided by ((-8)/(-10))/((-2)/(-15))?
4
Let b = 11 + -16. Let n = -15 - -31. Let t = b + n. Calculate the remainder when t is divided by 4.
3
What is the remainder when 30 is divided by (11/33)/(2/66)?
8
Let j(m) be the first derivative of 41*m**3/3 + m**2/2 + m - 5. What is the remainder when j(-1) is divided by 14?
13
Suppose n - 43 = -n + 5*x, -2*n = 5*x - 13. Calculate the remainder when 25 is divided by n.
11
Suppose 6*u = 3*u + 63. Calculate the remainder when 82 is divided by u.
19
Let f = 13 + -10. Suppose f*x - 80 = -x. What is the remainder when x is divided by 7?
6
Suppose -35*d + 7*d = -4732. Calculate the remainder when d is divided by 57.
55
Suppose 4*v - 6 = 2*v. What is the remainder when 3 is divided by v?
0
Let y = -5 - -8. Suppose -2*c - 60 = -2*s, 60 = -s + y*s + 2*c. What is the remainder when s is divided by 8?
6
Suppose -w + 1 = -5. Let c be w/2 - (1 - -8). What is the remainder when ((-14)/c)/((-1)/(-9)) is divided by 11?
10
Let i(z) = -z + 2. Let x be i(0). Let m = 2 + x. Suppose 0*c + m*c = t + 176, -8 = 2*t. What is the remainder when c is divided by 15?
13
Suppose 2*j - 5*j = -v + 4, -5*v + j = -90. Calculate the remainder when 74 is divided by v.
17
Let a(u) = 36*u - 197. Suppose 3*r - 40 = -r. Calculate the remainder when a(6) is divided by r.
9
Suppose -5*y + 57 = 7. Suppose -5*s = -2*c - 59, -4*s = 5*c - 30 - 4. Suppose 5*d + 4*k = 110, 1 = -2*k + s. What is the remainder when d is divided by y?
8
Suppose -3*u - 11 - 7 = 0. What is the remainder when 73 is divided by (10/u)/((-7)/105)?
23
Suppose q - 22 = -0. What is the remainder when q is divided by 8?
6
Let f = 14 - 5. Let o(t) = 4*t - 10. Let x(q) = q**2 - 2*q - 4. Let p be x(4). What is the remainder when f is divided by o(p)?
3
Suppose -6 = 3*f - 0. Let g be f/(-1*3/6). Suppose g*d + 25 - 69 = 0. What is the remainder when d is divided by 4?
3
What is the remainder when (-74)/(-5 + (-1 - -4)) is divided by 19?
18
Suppose 0 = -r - r - 3*i + 46, 92 = 4*r - 3*i. Suppose 0*j + 4*j - 48 = 0. Calculate the remainder when r is divided by j.
11
Suppose 10 = -5*f + 90. Suppose 3*c - 182 = -q, -c + 3*c = 3*q + 125. What is the remainder when c is divided by f?
13
Calculate the remainder when (-801)/(-15) + (-4)/10 is divided by 19.
15
Let a be (-3)/(-6)*-1*4. Let s = -48 - -85. What is the remainder when s is divided by (52/6)/(a/(-3))?
11
Suppose -5*q + 14 = -4*y + 59, 0 = 2*q - 6. Calculate the remainder when 72 is divided by y.
12
Let r(b) = -3*b - 4. Let a be r(-3). Suppose -p + 149 = a*c, -2*c - 6*p = -3*p - 70. Calculate the remainder when c is divided by 15.
14
Let t be 2/(-9) + (-215)/45. What is the remainder when 20 is divided by t + 2 + 13 - 3?
6
Let c be (6/4)/((-2)/(-4)). Suppose -86 = -c*p + g, 5*p - 128 = p + 4*g. What is the remainder when 79 is divided by p?
25
What is the remainder when (-12 - -178)/(0 + -1 + 2) is divided by 42?
40
Let c(t) = t**2 - 9*t - 41. Let l = -2 + 0. What is the remainder when 2/(-4)*l + 19 is divided by c(13)?
9
Let y = -51 - -81. Let q(v) = 3*v**2 + 5*v + 6. Calculate the remainder when y is divided by q(-2).
6
Suppose 2*p = p + 3. Suppose -p = 3*k - 15. What is the remainder when 11 is divided by k?
3
Suppose -u = 2*u + 5*f - 50, 5*u - 3*f = 38. Let b = u - 0. Calculate the remainder when 29 is divided by b.
9
Let s = 51 - 45. What is the remainder when s is divided by 1?
0
Suppose 6*a - 35 = a. Suppose a*m = 3*m + 132. Let b(c) = c**3 - 10*c**2 + 11*c - 1. Calculate the remainder when m is divided by b(9).
16
Suppose 0 = 5*n - 9*n + 76. Calculate the remainder when 29 is divided by n.
10
Suppose -9*w + 390 = -4*w. Calculate the remainder when w is divided by 16.
14
Let k(f) = -f. Suppose -5*p + 3*p = -12. Let z(w) = w - 3. Let m(u) = p*k(u) + z(u). What is the remainder when m(-2) is divided by 2?
1
Suppose i - f - 20 = 0, -3*i + 24 = f - 44. What is the remainder when 82 is divided by i?
16
Let d(i) = 10*i - 8. Suppose 4*v + 32 = -3*b, 3*b - 6*b - 14 = -5*v. What is the remainder when d(6) is divided by (-384)/(-21) - b/(-28)?
16
Suppose h = -2 + 23. Let p = 362 - 242. Suppose -c = 2*c - p. Calculate the remainder when c is divided by h.
19
Suppose -t + 3 + 16 = 0. Calculate the remainder when 37 is divided by t.
18
Suppose 5*z + 3*o - 7*o = 9, -4*z = -4*o - 4. Suppose 2*a = z + 13. What is the remainder when 35 is divided by a?
8
Suppose -3*o + 2*o = 0, -3*g + 5*o + 15 = 0. Let h(c) = 5*c - 2. What is the remainder when h(g) is divided by 8?
7
Let g be (-1)/(-2)*(-1 - -7). Let i be -1*3*16/g. Let n = -7 - i. What is the remainder when n is divided by 5?
4
Suppose 0 = 5*x - 4*y, -3*x - 8*y + 3*y = 0. Suppose x = 3*m + m - 28. Calculate the remainder when m is divided by 1/((-1)/(-1)) - -2.
1
Let k(n) = n**2 + 5*n + 1. Let p be k(-5). Let z be -2*5*(-1 - p). Let o = -10 + z. Calculate the remainder when 29 is divided by o.
9
Let x = 0 + 2. Suppose x*u = 10, 84 = 4*h + 2*u + 10. Suppose 172 = 2*w + 2*w - 4*r, 0 = 2*w + 5*r - 114. What is the remainder when w is divided by h?
15
Let t = -46 + 67. Calculate the remainder when 60 is divided by t.
18
Let l be 0/(1*1*-2). Suppose -14*n = -13*n - 42. Suppose -3*d - d - 3*z = -n, l = z - 2. Calculate the remainder when 25 is divided by d.
7
Let z(u) = 4*u**2 + 5*u + 10. Let x(v) = v**2 + v + 1. Let j(l) = -3*x(l) + z(l). What is the remainder when j(7) is divided by 18?
16
What is the remainder when 41 is divided by (12/10)/(13/130)?
5
Let y = 20 + 21. Calculate the remainder when 159 is divided by y.
36
Suppose -5*x = -20, 0*y = -2*y + x. Suppose -7*m = 4*l - y*m - 71, -2*m = -3*l + 82. Let b = l - 12. What is the remainder when 35 is divided by b?
11
Let x(n) = -n**3 - n**2 - n + 22. Let r be 0/(1 - 0/2). Let q(y) = 3*y + 33. Calculate the remainder when x(r) is divided by q(-7).
10
Let d(r) = -r + 8. Let u = 26 - 12. What is the remainder when u is divided by d(0)?
6
Let f(v) = 5*v + 2. What is the remainder when 23 is divided by f(1)?
2
Suppose -1121 = -11*t - 98. Calculate the remainder when t is divided by 48.
45
Let x = 27 + -3. Suppose -k = -17 + 4. What is the remainder when x is divided by k?
11
Suppose -5*w = 15 + 5. Let u = 5 + -3. What is the remainder when 1/w + (-63)/(-12) is divided by u?
1
Let k(i) = 20*i + 5. Let h be k(8). Suppose -3*m = -h + 6. Suppose -2*p + m = -3*b, 4*p - 96 = -5*b - 23. What is the remainder when p is divided by 12?
10
Calculate the remainder w